lculate the remainder when t is divided by u.
19
Let b(w) = w**2 - w. Let a(k) = -6*k**2 + 4*k - 1. Let f(q) = -a(q) - 5*b(q). Let p be f(-2). Calculate the remainder when 20 is divided by (p/(-6))/(1/(-22)).
9
What is the remainder when ((-9)/(-6))/(6/180) is divided by 13?
6
Let j(l) = l + 13. Let c = -1 + 13. Calculate the remainder when j(9) is divided by c.
10
Let b(i) = 0*i**2 + 0*i**2 - 2*i + 2*i**2 - 4. What is the remainder when b(-3) is divided by 11?
9
Suppose -3*h + h + 68 = 0. Let t = 6 - -47. Let p = t - h. Calculate the remainder when p is divided by 10.
9
Calculate the remainder when 561/21 - (-6)/21 is divided by (-238)/(-35) + (-3)/(-15).
6
Let u(d) = d**2 - 3*d. Suppose 3*s = -s + 20. Suppose -2*i + 0 = 2*a - 54, 4*a + 32 = i. Calculate the remainder when i is divided by u(s).
8
Let l(u) = -u**3 + 8*u**2 - 9*u + 2. What is the remainder when 37 is divided by l(6)?
17
Suppose p + 6*p - 21 = 0. Suppose -6*c - 10 = -c. What is the remainder when (-1)/(c/20) - 2 is divided by p?
2
What is the remainder when 1/(-2) - (-852)/8 is divided by 36?
34
Suppose -5*t + 1034 = 6*t. What is the remainder when t is divided by 16?
14
Calculate the remainder when 103 is divided by (880/3)/11 + (-2)/(-6).
22
Suppose 25 + 74 = 3*b. What is the remainder when b is divided by 12?
9
Suppose 0 = w - 2*w + 3. Suppose 0 = -4*l - s + 47, l + w = 2*s + 8. What is the remainder when 19 is divided by l?
8
Suppose 210 = 2*b + 3*b. Suppose -2*r + 36 = -4*l, -3*r + b = -l - 17. What is the remainder when r is divided by 11?
9
Let w be (-8)/6*(-12)/(-8). Let b be 1*(1/(-1) + w). Calculate the remainder when (-101)/b + (-6)/(-18) is divided by 18.
16
Suppose 0 = -2*j - 4*a + 8, -4*j + j = -3*a - 57. Let g(d) = -d**2 + 2*d - 4. Let n be g(7). Let p = -13 - n. Calculate the remainder when p is divided by j.
12
Suppose 3*w = 7*w - 4. Suppose -2*s - 19 = -b + s, 0 = 4*b + 5*s + 9. What is the remainder when (-2 + 11 + w)*1 is divided by b?
2
Let w = 1 - -8. Calculate the remainder when 15 is divided by w.
6
Let b(f) be the first derivative of 2*f**3/3 - 3*f + 2. What is the remainder when b(-4) is divided by 15?
14
Let s(m) = -4*m - 1 + m + 4*m. Let p = 23 - 6. What is the remainder when p is divided by s(7)?
5
Suppose -g = -5 - 15. Let n = -6 - -7. Suppose 3*f + a = 24, -a + 2 + n = 0. Calculate the remainder when g is divided by f.
6
Let o = 61 - 49. Suppose 2*v = q - 44, 5*q - 145 = -5*v - 0*v. What is the remainder when q is divided by o?
10
Let k(d) = -29*d - 3. Calculate the remainder when k(-2) is divided by (-1)/1 + (-15)/(-1).
13
Let z be (0 + 1)/(2/10). Suppose z*x - g + 8 = -2*g, 0 = 4*x + g + 7. Calculate the remainder when -2 + -1*(x - 38) is divided by 13.
11
Let h = 3 - -2. Let g = 2 - -14. Suppose 0*j = s + h*j - 8, 2*s + 4*j = g. Calculate the remainder when 14 is divided by s.
6
Let u(h) = h**2 - 3*h - 15. Calculate the remainder when u(10) is divided by 372/20 + (-4)/(-10).
17
Let h(y) = -y**2 - 9*y + 26. Let p = 74 - -2. Calculate the remainder when p is divided by h(-9).
24
Let t be 1 + (-135)/(0 + -3). Suppose -18 = -2*u + t. Calculate the remainder when u is divided by 11.
10
Let k(v) = 2*v**2 - 7*v - 2. Calculate the remainder when 75 is divided by k(5).
10
Calculate the remainder when ((-206)/8)/((-15)/60) is divided by 21.
19
Suppose 33 = 4*f - 31. Suppose -c + f = 5. Calculate the remainder when c is divided by 7.
4
Let n = -20 + 29. Suppose -27 - 6 = -r. Calculate the remainder when r is divided by n.
6
Suppose 9 - 3 = 3*p. Suppose -38 = -p*n - 2*y, 14 = -3*n - 4*y + 73. Calculate the remainder when 84 is divided by n.
16
Suppose 8*r - 5*r - 81 = 0. What is the remainder when 78 is divided by r?
24
Let p = 16 - 0. Let a = -6 + p. Calculate the remainder when 29 is divided by a.
9
Let y be (-4)/(-10) - (-334)/(-10). Let b = -21 - y. Let q(v) = v**2 - v + 35. Calculate the remainder when q(0) is divided by b.
11
Let g be -3*((2 - 2) + 3). Calculate the remainder when 24 is divided by 0 - (0 - g)/(-1).
6
Calculate the remainder when 47 is divided by (-6 + 24)/(-1)*2/(-3).
11
Suppose -2*n + 9*n - 168 = 0. Suppose -s = -4*s + 210. What is the remainder when s is divided by n?
22
Let r(w) = 18*w. Let v be r(3). Suppose 0 = 2*c - v + 12. Calculate the remainder when 62 is divided by c.
20
Suppose 4*d + 5*a - 68 = 0, 9 = 2*d + 3*a - 23. Calculate the remainder when d is divided by 12.
10
Let m(i) = i**2 + 4*i - 5. Let f(w) = -2*w + 12. Let z be f(9). Calculate the remainder when 12 is divided by m(z).
5
Suppose 3*z - 4*o - 93 = -o, 2*o + 93 = 3*z. Let a(t) = 11*t. Calculate the remainder when z is divided by a(1).
9
Let b = 1 + 2. Suppose -f = 5*y - 30, 4*f = -2*y + b*y + 15. What is the remainder when y is divided by 3?
2
What is the remainder when (-24)/48 - 234/(-4) is divided by 16?
10
Suppose 7*s - 105 = 2*s. Let m(k) = 3*k**2 - 3*k. Calculate the remainder when s is divided by m(2).
3
Let f = 9 - 10. Let g = f + 15. What is the remainder when g is divided by 8?
6
Suppose 0 = -46*g + 52*g - 30. What is the remainder when 14 is divided by g?
4
Suppose 103 - 26 = 11*l. What is the remainder when 34 is divided by l?
6
Let s = -22 + -18. Calculate the remainder when (2/(-1))/(2/s) is divided by 14.
12
Let r(v) = -4*v + 3. Calculate the remainder when r(-4) is divided by 11.
8
Let y be (1 - (1 + 1))*0. Let i(o) = -o**2 + 7*o - 3. Let d be i(6). Suppose -d*j + 27 + 15 = y. What is the remainder when 27 is divided by j?
13
Suppose 4*r - 114 = -2*d, 4*d + 4*r - 67 = 3*d. Suppose u - 5*z + 0 - 12 = 0, -3*z = 0. Calculate the remainder when d is divided by u.
11
Let p(z) = -z + 1. Let q be p(7). Let m = 0 + q. Let i(o) = -o**3 - 5*o**2 + 5*o + 7. Calculate the remainder when i(m) is divided by 5.
3
Suppose 0 = -9*k + 79 + 209. What is the remainder when 120 is divided by k?
24
Suppose 8*b = 3*b. Let t = -3 + b. Let g(l) = l**2 + l + 4. What is the remainder when 39 is divided by g(t)?
9
Suppose 4*z - 84 = 4*t, -3*z + 28 + 41 = 3*t. Suppose 0 = -5*i + 7*i - z. Calculate the remainder when i is divided by 3.
2
Suppose 5*s - 5*f - 60 = 0, 4 = 2*s + f - 11. Suppose 2*i = -4*z + 52, 5*z = -5 + 30. What is the remainder when i is divided by s?
7
Let q(m) = -12*m**3 - m**2 - 2*m - 2. What is the remainder when 50 is divided by q(-1)?
6
Let r = 10 - -1. What is the remainder when 43 is divided by r?
10
Suppose 0 = 4*o - 2*f - 3 - 5, 5*o + 5*f - 25 = 0. Calculate the remainder when 3 is divided by o.
0
Let p = 0 + -2. Let f(r) = -9*r**3 + r**2 + 2*r + 1. Calculate the remainder when -1*(p/(-1) - 19) is divided by f(-1).
8
Let s = 48 + -33. Suppose -5*a + 285 = -0*a. What is the remainder when a is divided by s?
12
Let g(h) = -2*h + 9. Let k be g(4). Let f = k + 57. What is the remainder when f is divided by 0*(-1)/1 + 20?
18
Calculate the remainder when 45 is divided by ((-32)/10)/((35/(-25))/7).
13
Suppose -3*j = -2*h + 145, 5*j + 243 = -2*h + 6*h. Calculate the remainder when 3 + (-1 - 1) - j is divided by 17.
14
Suppose -d - 4*y = -88, 3*d + 5*y - 7*y - 250 = 0. What is the remainder when d is divided by 29?
26
Let w be 2 + 0/(-1) + -2. Suppose w*c - 2*c = -20. Suppose -p = -4*l - 7 - 7, 0 = -3*l - 6. What is the remainder when c is divided by p?
4
Let i(m) = 56*m - 3. Suppose 0 = 4*a + 32 - 8. Calculate the remainder when i(1) is divided by (-87)/a - (-1)/(-2).
11
Suppose 39 = -2*z + 83. Suppose -2*s = 4*p - 36, 0 = 2*p - 0 - 10. What is the remainder when z is divided by s?
6
Suppose -5*k - 5*q = 70, 0 = -3*k - 5*q - 7 - 41. What is the remainder when k/(11/(-54)) - -2 is divided by 15?
11
Let o(p) = p**3 - 7*p**2 + 8*p - 3. Suppose 0 = -z - 2*x + 3, 8*z + x - 24 = 3*z. Suppose -z*n = -33 - 52. Calculate the remainder when n is divided by o(6).
8
Suppose 4*m - 2*m + 2*r + 26 = 0, -4*r + 23 = -m. Calculate the remainder when -3 - 2*m*1 is divided by 14.
13
Let g = 191 + -178. Calculate the remainder when 57 is divided by g.
5
Let j = -21 + 36. What is the remainder when j is divided by 6?
3
Suppose 0*j + 160 = 5*j. What is the remainder when j is divided by 17?
15
Let j = 51 - 148. Let p = j - -139. Let m = p + -25. What is the remainder when m is divided by 9?
8
Suppose -n = -4*f + 189, 4*n - 28 = -2*f + 62. What is the remainder when f is divided